e 0 = 5*r - 722 - 103. Let k = r + -115. Calculate the highest common factor of k and 20.
10
Let b(g) = -g**2 - 31*g + 84. Let s be b(-33). Calculate the greatest common divisor of 2 and s.
2
Let f(j) = -j**2 + 20*j - 29. Let n be f(12). Suppose 70*k = n*k + 114. Calculate the greatest common factor of k and 19.
19
Let j(i) = 9*i + 1. Let r be j(1). Let f = -12 + 17. Suppose 13 = 4*u + f. Calculate the greatest common factor of r and u.
2
Let f = -2 - -12. Suppose 5*q - 2 = 13. Suppose 5*s + 0*s = -15, -3*u = -q*s - 159. Calculate the greatest common factor of f and u.
10
Let j(n) = 11*n**2 + 2*n + 1. Let q be j(2). Let t(g) = -g**3 + 131*g**2 - 393*g + 1397. Let o be t(128). What is the greatest common factor of q and o?
49
Let x be (-4)/6 - (-89060)/183. Calculate the greatest common factor of 108 and x.
54
Suppose -5*g = 8*m - 4*m - 85, -3*m + 64 = 4*g. Let h = -65 - -165. Calculate the greatest common divisor of m and h.
20
Suppose -4*z + 4*v + 2365 + 2095 = 0, z - 4*v = 1127. Calculate the highest common divisor of z and 11.
11
Suppose -20*k - 416 = -33*k. What is the highest common factor of 88 and k?
8
Let o(t) be the first derivative of -t**4/2 + 3*t**3 - 3*t**2/2 + t - 11. Let w be o(4). Suppose -z + 1 = -4. Calculate the highest common factor of z and w.
5
Let z(a) = 5*a**2 - 25*a - 52. Let v be z(-8). Calculate the greatest common factor of v and 39.
39
Let t = 29 + -20. Let m be 573/t - (-2)/6. Suppose -m = -s - 4*d, d = -4*d - 10. What is the greatest common divisor of 9 and s?
9
Suppose -30*i + 3954 = 984. Calculate the highest common factor of 144 and i.
9
Suppose 0 = -2*b - 30 + 6. Let s(a) = a**2 + 10*a + 9. Let r be s(b). Let k(h) = h**2 - 3*h - 1. Let q be k(4). Calculate the greatest common factor of r and q.
3
Suppose -2857*t = -2848*t - 3564. Let p = 37 + -1. What is the greatest common factor of t and p?
36
Suppose 3*f = 3*h - 24, 5*h - f = -0*f + 32. Suppose -n = n - h. What is the greatest common factor of 15 and n?
3
Suppose 2*y + 1 = -7, 0 = -5*b + y + 329. Suppose b*w - 165 = 60*w. Calculate the highest common factor of 66 and w.
33
Let j be (-7)/((2/1)/(-12)). Suppose 5*a - 114 = -2*s, 2*a + 3*s - s - j = 0. Let n be 6/(-24) + (-23)/4 + 14. Calculate the highest common divisor of a and n.
8
Let a(y) = -y**3 + 3*y**2 - 3*y + 308. Let w be a(0). Calculate the greatest common factor of 252 and w.
28
Let x = -3 + 22. Suppose -5*j - 45 = 3*g - 136, -g = -4*j - x. Let a be (224/(-2))/(-4) - 1. What is the highest common factor of a and g?
27
Suppose -5*a + 4*u = -186, 4*a + 4*u = 5*a - 50. Let r = a + -27. What is the greatest common factor of 63 and r?
7
Let c = 677 - 369. Calculate the highest common factor of 88 and c.
44
Suppose -6*j + j = -105. Let a be (7/j)/(1/15). Suppose 2*n = n + a. What is the greatest common factor of n and 10?
5
Let g be 3 + (3/9)/(1/(-4299)). Let i be 2/(-12) - g/12. Calculate the highest common factor of i and 17.
17
Let l = -181 - -269. Let f = 18 + -7. What is the highest common divisor of l and f?
11
Let j(v) = -v**3 + 17*v**2 + 21*v + 24. Let y be j(18). What is the greatest common divisor of y and 117?
39
Let o(q) = -q**3 + 4*q**2 + 7*q + 1. Let g be (-20)/6*(-3)/2. Let z be o(g). Calculate the highest common divisor of 22 and z.
11
Let n = -1122 - -1136. Calculate the greatest common divisor of 686 and n.
14
Suppose 4*r - 2*c = -6, 2*r + 5*c + 18 = c. Suppose -2*l = -0*l + 2. Let u be ((r - 0) + -4)/l. What is the greatest common divisor of 28 and u?
7
Let i(g) = 8*g**2 - g - 7. Let q be i(4). Calculate the highest common factor of q and 13.
13
Let s(b) = 9*b + 75. Let m be s(-8). Calculate the highest common factor of 2 and m.
1
Suppose t - 15 = 5. Suppose 3*u + n = 2*n + 28, t = 2*u - n. What is the greatest common factor of 64 and u?
8
Let t = 9 + 1. Let p be 5/t - (-238)/4. Let w(d) = 25*d**2 - d. Let f be w(1). What is the greatest common factor of p and f?
12
Let s be ((-7 - -8)*-1)/((-2)/72). What is the greatest common divisor of 396 and s?
36
Let l be ((-30)/(-25))/(5/(2325/6)). Calculate the greatest common factor of 217 and l.
31
Suppose 168 = 3*o - 0*o - 3*u, -320 = -5*o - 5*u. What is the highest common factor of 108 and o?
12
Let x = 297 - 233. What is the greatest common divisor of x and 32?
32
Let r be (-4)/(10/(-6) - -1). Suppose r*c = c. Let a be 3 - c - (1 - 4). Calculate the greatest common divisor of 24 and a.
6
Let u(b) = 5*b - 5*b + 23 + 2 - b. Suppose -5*y - 53 = -3*g, -g - g + 4*y = -38. Let a be u(g). Calculate the highest common divisor of 84 and a.
14
Let p = -50 + 47. Let c be (p + 2)/((-5)/15). Calculate the greatest common factor of 6 and c.
3
Let y be (1 - 9 - -713) + 9. Calculate the highest common factor of 42 and y.
42
Suppose 47*s - 42*s = 125. Suppose -3*k + 2 = -4*k. Let o be k/3*(-8 - s). Calculate the greatest common factor of 11 and o.
11
Let c be ((-90)/4)/(15/(-20)). Let r(l) = 4*l**2 - l - 15. Let p be r(4). What is the highest common divisor of p and c?
15
Let d(y) = y**3 - 7*y**2 + 4*y - 10. Let v be d(7). Let q = 15 - 14. Let b be 3 - 3 - q - -3. Calculate the greatest common divisor of b and v.
2
Suppose -2*k - 71 = -3*k. Let i = k - 50. What is the highest common divisor of 14 and i?
7
Let l be (-11 - -14)/(6/10). Suppose 98 = l*m - 112. Suppose 4*g = i - 4*i + 38, -3*i - 5*g + 43 = 0. What is the highest common divisor of i and m?
6
Let t be (5201/4458)/(1/54). Suppose -3*a + a - 3*l = -30, 0 = -l - 4. Calculate the highest common factor of t and a.
21
Let s(m) = 0*m**2 - 3 + 2*m**2 + 5 + 1. Let w be s(0). Calculate the greatest common factor of 5 and w.
1
Let x be 38/((-3)/(12/(-8))). Let n(c) = -c + 209. Let v be n(0). What is the highest common divisor of x and v?
19
Let x(r) = 9 - 2 + 0 - 10*r. Let y be x(-7). Suppose 0*u + 21 = 3*u. What is the highest common divisor of y and u?
7
Let n(f) = -79*f + 2950. Let u be n(37). Suppose r + 2*b - 53 = 0, 0*r + 5*r - 221 = b. Calculate the greatest common divisor of r and u.
9
Let n be ((-1)/1)/((-1)/109*1). Let i = 249 - n. Calculate the highest common factor of i and 56.
28
Let k be (72/(-14))/((-20)/210). Let p = 8 + -5. Suppose 4*j - 6 = p*j. Calculate the greatest common divisor of k and j.
6
Let c = -257 + 321. What is the greatest common divisor of c and 1216?
64
Let z = -66 - -131. Let i = -28 - -80. Suppose 0 = -j + 3*j - i. Calculate the greatest common divisor of j and z.
13
Suppose -4*v = v - 100. Suppose v = 2*i + 54. Let d = i - -19. What is the highest common divisor of d and 16?
2
Suppose -83 = -2*y - i, -5*y - 44 = -5*i - 244. Calculate the greatest common factor of y and 1312.
41
Let w(j) = -j**3 + 9*j**2 + 6*j + 2. Let h be w(9). Let d = -71 - -155. What is the greatest common factor of d and h?
28
Suppose 2*d - 5*m = 473, 4*d + 5*m - 7*m - 938 = 0. Calculate the highest common divisor of d and 26.
26
Let a be 50/45*(26 - -1). Calculate the greatest common factor of 285 and a.
15
Suppose 4*x - 4*h = -1656, 6*x - 4*x + h = -813. Let m = 607 + x. Let l be 1/3 - (-106)/6. Calculate the highest common divisor of l and m.
18
Let h be -10*8/((-16)/22). What is the greatest common divisor of 88 and h?
22
Suppose 0 = -3*f + 3124 + 584. Suppose -4*x = -f - 12. What is the highest common factor of 24 and x?
24
Suppose 3*u = -u + 608. Let d = u - 133. Calculate the highest common divisor of d and 209.
19
Suppose 3*b = -0*b + 12. Suppose 2*c - 89 = 3*h, -2*c + 15 + 77 = -4*h. Suppose -q - b*q = -c. Calculate the highest common divisor of 32 and q.
8
Let i be (207/2)/((-132)/(-3168)). What is the highest common divisor of i and 92?
92
Let r be (-147 - -1)/(-3 - -1). Suppose -2*i - 2*l + 7 + 39 = 0, -3*i = 2*l - r. Let n = 18 + i. Calculate the greatest common divisor of 18 and n.
9
Let m = 354 + -321. What is the greatest common factor of m and 3?
3
Let h = -2 + 18. Let m = -15 + 23. Calculate the highest common divisor of h and m.
8
Suppose -5*g - 12 = -2. Let r(j) = -4*j**3 + 2*j**2 + 2*j + 1. Let w be r(-1). Let m = w - g. What is the highest common divisor of m and 14?
7
Let i(q) = 2*q - 13. Let o be i(4). Let s be (-24)/o - 24/30. Suppose 20 = 2*j + 4*n, j - 4*j = n - 10. Calculate the highest common divisor of j and s.
2
Let t = -25 + 29. Suppose -2*p - q + 230 = 87, 3*q 